+ 8*n**2 + 12*n - 5. Suppose 2*q - 21 = -v, -4*v = 3*q - 129 + 75. Give t(v).
22
Let k(r) be the second derivative of 8*r**2 + 0 + 1/6*r**3 - 166*r. Calculate k(-14).
2
Let f(p) be the first derivative of 2*p**3/3 + p**2 - 9*p - 25. Let g be f(-3). Let x(n) = 44*n**g + 7 + 2*n + 2*n - 45*n**3 + 5*n**2. Give x(6).
-5
Let g(l) be the second derivative of 3*l - 11/2*l**2 - 8 + 1/6*l**3. Let v be (-492)/(-60) - (-1)/(-5). Calculate g(v).
-3
Let s be ((-21)/9)/(1085/4185). Let t(p) = 2*p + 23. What is t(s)?
5
Let i = 114 + -115. Let a(s) = s**2 + 1. Let n(d) = -d**3 + 4*d**2 + 6*d + 10. Let b(g) = i*n(g) + 6*a(g). Determine b(-4).
-12
Let c(j) = -j**2 + 2*j + 4. Let z be 2*(198/(-12) + 15). Determine c(z).
-11
Let f = -35 - -15. Let a(t) = t**3 + 20*t**2 + t + 22. Let j be a(f). Let w(k) = -1 - 2 - k - j - 4*k. Calculate w(-4).
15
Suppose -3*o = 3*k - 6, -2*k + 0*k + 3*o = -29. Suppose -5*z - i - k = 0, -3*i - 15 + 5 = 4*z. Let c(h) be the second derivative of h**4/3 + 82*h. What is c(z)?
4
Let o(u) = 2*u**2 + 2*u**2 - 2*u**2 + 238*u**3 - 113*u**3 - 124*u**3. Give o(2).
16
Let g(h) = -3*h. Let k(a) = -a**3 + a**2 - a + 1. Let v be -18 - -7 - -8 - 1*-4. Let m(y) = v*k(y) - g(y). Calculate m(2).
1
Let c be (-1)/(-1) + (-2)/(-1). Suppose 5*x + 5 = -5*n, -x - 2 - 3 = c*n. Let d(m) = x + 4*m - 1 - 3*m - 2. Determine d(7).
5
Let y(b) = b**2 + 16*b - 28. Let a(z) = 16*z + 125. Let m be a(-9). Calculate y(m).
29
Let k be 13 + (11 - 18 - -1). Let a(u) = 2*u - 13. Let i(d) = -d + 7. Let h(g) = 2*a(g) + 5*i(g). What is h(k)?
2
Let y(x) = 7*x**2 - 4*x - 4. Let l(b) = -11*b**2 + 6*b + 6. Let k(j) = -5*l(j) - 8*y(j). Let a(o) = o**3 + 32*o**2 + 30*o - 26. Let c be a(-31). Determine k(c).
-13
Let z(j) = 103*j**2 + 6*j + 32. Let b(l) = -21*l**2 - l - 6. Let m(v) = -11*b(v) - 2*z(v). What is m(1)?
26
Let g be ((-56)/(-3))/((-24)/(-396)). Let j = 308 - g. Let x(l) = l**2 - 17. Determine x(j).
-17
Let q be -5*(1 - 14/10). Let y(l) be the first derivative of l**3/3 - 2*l**2 + 5*l + 258239. Give y(q).
1
Let b(d) be the second derivative of -d**4/4 - 11*d**3/6 - 5*d**2/2 - 6*d - 18. Give b(-3).
1
Let i(h) be the first derivative of -h**3/3 - 4*h**2 + 4*h - 992. Let r be 8/(-14) + 38/(-7). Determine i(r).
16
Let w(c) = -c**3 + 5*c**2 + 7*c + 7. Let a(x) = -1 - 3*x**2 + 2 + x**2 + 11*x. Let p be a(5). Give w(p).
13
Let v(l) = l**2 - 14*l + 8. Let h be (-5)/(-85)*(1 - -1) + 7462/442. What is v(h)?
59
Let o(m) = 2*m**2 + 6*m - 8. Let d(p) = 4*p + 7. Let t be d(0). Suppose 0 = 14*j - t + 105. Determine o(j).
48
Let o(d) = d**3 + 4*d**2 - 6. Let l be o(-2). Let s(c) = 2434*c + 5*c**l + 2436*c + 3 - 4868*c. Calculate s(-2).
19
Let n(s) be the first derivative of -10*s**2 - 63*s - 12868. Give n(-2).
-23
Let c(x) = x**2 + 5*x + 6. Suppose -64 = -8*n - 24. Let b be n/(-1 + 1/6). Give c(b).
12
Let m(q) = -523*q + 1046*q - 10 - 520*q. Give m(-5).
-25
Let s(j) be the third derivative of j**6/60 + 2*j**5/5 + j**4/12 + 23*j**3/6 - 2*j**2 + 438*j. Determine s(-12).
-1
Let m(n) = 9 + 5*n + 0*n - 2*n. Let d(u) = -2*u - 6. Let l be (-13)/4 - (-35)/(-20). Let q(x) = l*m(x) - 8*d(x). Calculate q(-3).
0
Let a(y) = -4 - 5*y + 8*y - 2*y. Let i(g) = 42*g + 17. Let r be i(5). Suppose -255 = -4*t - r. Determine a(t).
3
Let j(c) be the third derivative of -c**5/60 + 5*c**4/12 + 5*c**2. Let g be (2 - 1)/((-31)/(-310)). Give j(g).
0
Let g = 45 + -40. Let n(h) = 23*h**3 - g - 47*h**3 + 23*h**3 + 3*h**2 - 3*h**2. What is n(0)?
-5
Let b = 65 + -67. Let k be (-6)/(-4)*(-16)/(-48)*b. Let w(j) = 6*j**3 + j**2. Determine w(k).
-5
Let x(q) = -q - 7. Let o(m) = m**2 + 18*m - 109. Let d be o(5). Suppose d*s - 35 = 11*s. Calculate x(s).
0
Suppose -18*a + 17*a = 6. Let v(h) = -14*h - 55. Calculate v(a).
29
Let q(i) = i + 4 - 4 + 1. Suppose p = -4*a - 1585, -p + 3*a - 687 = 905. Let b = p - -1595. Give q(b).
7
Let y(z) be the first derivative of z**6/120 + z**5/12 - 7*z**4/24 + 2*z**3/3 - 19*z**2/2 - 79. Let k(f) be the second derivative of y(f). Give k(-6).
10
Let v(c) be the third derivative of -3*c**5/20 + 7*c**2. Let b be 375/(-250) + 4/8. What is v(b)?
-9
Let t(c) be the second derivative of -26*c + c**2 + 0 + 5/3*c**3. Calculate t(-2).
-18
Let g(j) = -39 - 45*j - 2*j**2 + 117*j + 49 - 58*j. Calculate g(8).
-6
Let t = 219 + -213. Suppose 4*x + 2*s - 6 = 0, t + 6 = -2*x + 2*s. Let p(h) = 2*h - 1. Determine p(x).
-3
Let t(s) = 0 - 4*s**2 + 5*s**2 - 3. Suppose 0 = -22*i + 4759 + 1225. Suppose i = 11*b + 316. Determine t(b).
13
Let s(y) = -y + 3 - 2 - 8*y**2 + 12*y**2 - y**3 - y. Suppose r = -4*d + 21, -r = 179*d - 176*d - 17. What is s(d)?
-7
Let w(m) be the second derivative of 1/20*m**5 - 3*m**2 + 0 - 11/12*m**4 + 5/3*m**3 - 77*m. Give w(10).
-6
Let f(i) = -26*i**2 + 15*i + 8. Let p = 41 - 48. Let z(o) = -22*o**2 + 14*o + 7. Let q(t) = p*z(t) + 6*f(t). Calculate q(-4).
-1
Let l = 4806 - 4804. Let o(y) = -y**3 - 2*y**2 + y + 1. Give o(l).
-13
Let x(f) be the third derivative of -f**5/60 + 3*f**4/4 - 14*f**3/3 + 2047*f**2. Give x(13).
37
Let u(b) = -b**3 + 7*b**2 - 8*b + 7. Let f(x) = x**2 - x. Let c(y) = y - 3. Let v be c(5). Let p be f(v). Suppose p*l - 18 = -l. Give u(l).
-5
Let t be (-8)/(-24)*-39*(-6 - 1). Let k(d) = -83*d + 5 - 10*d**2 + t*d + 2 + 8*d**2. What is k(4)?
7
Let y = 962 - 907. Let n(f) = -3 + 114*f - y*f - 70*f. Determine n(-2).
19
Let u be 15*(0 + (1 - 0)). Let q be (4 + (-42)/u)/((-3)/(-130)). Let n(b) = 64*b + 26. Let j(m) = -7*m - 3. Let r(t) = q*j(t) + 6*n(t). What is r(1)?
20
Let v(k) = -70*k**2 + 214*k - 5. Let z be v(3). Let i(c) = -12*c + 90. Give i(z).
6
Let o(l) be the first derivative of 159 + l + 0*l**3 + 5/4*l**4 + 0*l**2. Let d = 2 - 1. What is o(d)?
6
Suppose -230*l + 6 = -228*l, -4*w - l = 61. Let t(b) = 4*b + 39. Give t(w).
-25
Suppose -886*c + 1675 = -2755. Let r(v) = 5*v - 8. Calculate r(c).
17
Suppose 1431 = 161*o - 179. Let h(q) = 10*q + q + q**3 - 11*q**2 + 0*q**3. What is h(o)?
10
Let r = -4 + 9. Suppose -3*v - 4*o + 8 = 0, -4*o - o = -r*v - 10. Let i(h) = -2*h**2 - 2. Let l be i(v). Let q(n) = n**2 - 3*n - 3. Give q(l).
7
Let i(g) = g**3 - 4*g**2 + 5 - 1 + 11*g**2. Let z be 3525/21 - (-1)/7. Suppose -13*d = 11*d + z. Calculate i(d).
4
Suppose -38*n + 44*n = 24. Suppose 6*h - n*v - 6 = 5*h, -9 = 3*v. Let c(j) = j**2 + 11*j + 26. Give c(h).
-4
Let p(i) = i**3 - 7*i**3 - 3*i**2 + 2*i**2. Suppose 64 = -8*j, -39*w + 36*w - j = 11. Determine p(w).
5
Let c be ((-84)/(-54) - 2)/(4/270*-5). Let x(d) = -2*d**3 + 22*d**2 - 60*d - 2. Calculate x(c).
-2
Suppose 87*q + 1539 + 853 = -97*q. Let y(f) be the first derivative of -f**3/3 - 6*f**2 + 18*f + 1. Calculate y(q).
5
Suppose -a = d + 8, 0*a - 2*d = -2*a. Let b be (1/2)/(a*(-2)/16). Let x(u) = 24*u**3 + u**2 + u - 1. Determine x(b).
25
Let j(s) be the third derivative of s**5/60 + 7*s**4/24 + 11*s**3/6 - 184*s**2. Determine j(-8).
19
Let b(k) = 2*k**3 - 5*k**2 + 5*k + 11. Suppose -22*r = 56*r + 7*r - 255. Calculate b(r).
35
Let x(b) = 83*b - 575. Let z be x(7). Let g(d) = -d**2 - 1 + 3 + 6*d + 2. What is g(z)?
4
Let z(x) = 2*x - 23. Let c be 3 - (-2 + 16/(3 - 7)). Determine z(c).
-5
Let d(x) = x**2 - 2*x - 65. Let c = -23364 - -23376. Calculate d(c).
55
Suppose -4*n - 91 = 4*j - 103, 0 = -5*j + 5. Let t(b) = -197*b**2 - 12*b + 393*b**n + b - 198*b**2 - 3. What is t(-5)?
2
Suppose -2*q + q + 5 = 0. Suppose 2*l - 12 = -q*t, -l + t + 5 = -1. Suppose -y - l*y = -4*y. Let f(w) = -w**2. What is f(y)?
0
Let d(m) be the first derivative of m**3/3 - m**2/2 + 7*m + 1. Suppose 4*a = -2*t + 16 - 2, -5*t + a = -13. Suppose t*p = -4*p. Calculate d(p).
7
Let h = 134 - 91. Let p = -43 + h. Let m(x) = -x**2 - x - 5. Calculate m(p).
-5
Let k be (8/(-7))/(-3 + 171/63). Let i(q) = -2 - 6*q + 18*q**2 + 3 + 3*q - 14 + k*q - q**3. Give i(18).
5
Let j(z) = 5*z - 5. Let m(o) = 4*o - 4. Let q(l) = 3*j(l) - 4*m(l). Suppose h + f = 7, 14 - 11 = -3*f. Calculate q(h).
-7
Let s(y) = y**2 - y - 1. Let j = 659 + -665. What is s(j)?
41
Suppose 5*q - 96 = -36. Suppose 0 = 3*z - 3*c + q, -z - 12*c = -14*c. Let u(m) = -2*m - 6. Determine u(z).
10
Let t(f) = f**3 - 3*f**2 + 2*f + 2. Let l = 4618 - 4614. What is t(l)?
26
Let i(l) = 7*l**2 - 72*l**2 + 7*l + 66*l**2. Give i(-9).
18
Let b(p) = 34*p**2 + 2*p. Let y(n) = 7*n**2 - n. Let r(j) = -b(j) + 5*y(j). Suppose